. Let r = -118 + u. Suppose r*a = 163 + 332. What is the remainder when a is divided by 24?
21
Let j(o) = -o**3 + 17*o**2 + 174*o + 2. Calculate the remainder when j(-8) is divided by 64.
18
Let y = 138 - 138. Suppose y = -2*j + 2*z + z - 6, 5*j = -z + 2. Suppose -4*n - q - 2 + 18 = j, -q = -4. Calculate the remainder when 4 is divided by n.
1
Suppose -5*j - 3*w + 465 = 0, -4*w + 3*w = 4*j - 365. Let d = j + -55. What is the remainder when d is divided by 23?
12
Suppose 8*q = 25*q - 17. Calculate the remainder when 19 is divided by (54/24 - 2)/q*60.
4
Let b be (0*9/(-81))/(-4). Suppose -3*u - 5*v + b*v + 361 = 0, 5*v = -5*u + 605. Calculate the remainder when u is divided by 25.
22
Suppose 0 = 20*y - 912 - 6688. What is the remainder when y is divided by 378?
2
Suppose 2167*n - 2169*n + 78 = 0. Calculate the remainder when 180 is divided by n.
24
Let n(m) = -20*m**2 + 140*m + 8. Let i be n(7). Suppose -260 = i*o - 788. What is the remainder when o is divided by 23?
20
Suppose 3*j - 3*t = -39 + 231, 312 = 5*j - 3*t. Suppose -11*o + j - 16 = 0. What is the remainder when 25 is divided by o?
1
Let h be -1 - ((-2)/(-13) + 335/(-65)). Let b(k) = 2*k**3 - 3*k**2 - 2*k - 5. What is the remainder when b(h) is divided by 24?
19
Let l = 29177 - 29136. Calculate the remainder when 731 is divided by l.
34
Let t = -135 + 200. Let g = t + -63. Suppose 0*y - g*f - 28 = -y, 0 = 5*y + 4*f - 182. What is the remainder when y is divided by 12?
10
Let d be (14/28)/((-2)/4) - -4. Suppose 2*p = 3*y + 19 - 215, -d*y + 3*p + 201 = 0. Calculate the remainder when 120 is divided by y.
58
What is the remainder when 406 is divided by -8 - (-380)/48 - 2114/(-24)?
54
Let z(l) = -l**3 - 9*l**2 + 17*l - 37. Let v = -10 + 22. What is the remainder when z(-11) is divided by ((-9)/v)/(1/(-4))?
0
Let q = -14745 + 14926. What is the remainder when 1250 is divided by q?
164
Suppose -2*n = -n + 5*p - 31, -n - 2*p = -46. Suppose 15*u - 23*u = -n. Suppose 9*q = 560 + u. Calculate the remainder when q is divided by 22.
19
Let k be 7/14 - (-2)/(-4). Suppose k = r - q - 30, 0 = r + 3*q - 70 + 60. What is the remainder when 99 is divided by r?
24
What is the remainder when (-56345)/(-5) - (-11 - -30) is divided by 31?
28
Let j(q) be the second derivative of 33*q**3/2 - 22*q**2 - 65*q. What is the remainder when j(3) is divided by 52?
45
What is the remainder when 289 is divided by 2025/600 + 6/(-16)?
1
Let w = -5546 - -5923. Calculate the remainder when w is divided by 93.
5
Let d = 54 - -16. Let j = d + -48. Let t = -12 + j. Calculate the remainder when t is divided by 4.
2
Suppose -4*w + 212 - 20 = 0. Let d = 49622 + -49479. What is the remainder when d is divided by w?
47
Suppose 5*g = 5*u - 550, 0 = g - 4*u + 6*u + 110. Let n = 237 + g. Calculate the remainder when n is divided by 16.
15
Let l = 14 - -12. Suppose 5*c + 2166 = 5*v - 1479, 0 = 4*c - 16. Suppose 0 = -9*g + v + 185. Calculate the remainder when g is divided by l.
24
Suppose -2*v = -5*k - 129, 6*k + 38 + 120 = 4*v. Calculate the remainder when (-1054)/(-12) - k/(-30) is divided by 9.
6
Let s = -148 - -148. Suppose 5*c + 14 - 69 = s. What is the remainder when 42 is divided by c?
9
Let n = 1433 + -1195. What is the remainder when n is divided by (108/(-42))/(3/(-28))?
22
Suppose -129*g + 11*g + 32899 = 10479. What is the remainder when 777 is divided by g?
17
Suppose 530 = -78*f + 88*f. Suppose 3*d = -0*d + 12. Suppose 43 = d*v - 2*v + 5*j, -5*v - 2*j + 76 = 0. What is the remainder when f is divided by v?
11
Suppose -f + 206*o + 3716 = 202*o, -2*o = 2*f - 7412. What is the remainder when f is divided by 10?
8
Let c(o) = 197*o + 6670. What is the remainder when c(-24) is divided by 177?
172
Calculate the remainder when (-357 + 3 + -2)*(6 - (-279)/(-18)) is divided by 94.
92
Suppose -85 = 5*z - 3*n, 5*n - 30 = 2*z + 3*n. Let y = 30 + z. What is the remainder when 37 is divided by y?
7
Let o(c) = 26*c - 112. Let d be o(6). Suppose 2*i = 2*g - d, 0 = 3*g + 2*i - 45 - 21. Calculate the remainder when 29 is divided by g.
7
What is the remainder when (-3)/(-31 + -2) - (1704560/121)/(-8) is divided by 3?
0
Suppose -2*l - 5*h + 188 = 0, 7*l = 2*l - h + 493. What is the remainder when l is divided by 45?
9
Suppose 0 = 118*n + 22*n - 679 - 10381. What is the remainder when 97 is divided by n?
18
Let s = 10 - 7. Let z(h) = 2*h + 16. Let v be z(-4). Let n(y) = 2*y - 15. Calculate the remainder when s is divided by n(v).
0
Let o(f) = -4*f**2 + 111*f + 39. What is the remainder when 1028 is divided by o(28)?
5
Suppose -28*n - 126 = 19*n - 831. Calculate the remainder when 59 is divided by n.
14
Let j(x) = -x**3 - 7*x**2 + 8*x + 3. Let z be j(-8). Suppose -n - 12 = 3*r, -7*r - 23 = -n - z*r. Calculate the remainder when 9 is divided by 5 + (-26)/39*n*1.
0
Let m = -3095 + 3620. What is the remainder when m is divided by 135?
120
Let j(k) = -k**3 - 23*k**2 - 43*k - 19. Let z be j(-21). Suppose 0 = -z*q + 30 + 20. What is the remainder when 98 is divided by q?
23
Suppose 4*f = 5*c - 467, 0 = 9*c - 3*f - 539 - 310. Calculate the remainder when c is divided by 24.
23
Let t(r) = 9*r**2 + 139*r - 89. What is the remainder when t(-28) is divided by 18?
15
Suppose 4*h = -3*f + 137, -4*h - f = -4*f - 167. Let z = -2618 + 2624. What is the remainder when h is divided by z?
2
Suppose -14*y + 15*y - 4*h = 374, -5 = -h. Calculate the remainder when y is divided by 68.
54
Let r = 81 - 48. Let q(b) = -b**3 - 12*b**2 + 45*b + 657. Calculate the remainder when r is divided by q(-10).
5
Let u be 27/36 - (-2 - (-10212)/(-16)). Let z = u + -636. What is the remainder when 14 is divided by z?
4
Let z(i) = 21*i + 74. Calculate the remainder when z(6) is divided by 162.
38
Let u = -1163 - -4172. Calculate the remainder when u is divided by 14.
13
Let b(i) = -2*i**3 + 16*i**2 - 15*i + 72. Calculate the remainder when 728 is divided by b(7).
13
Suppose -3*p + 4*h + 96 = 0, 3*p = 4*h - 7*h + 138. Suppose -5*u + 3*g - 5*g + 1395 = 0, 0 = 3*u + 2*g - 841. What is the remainder when u is divided by p?
37
Let z = -767 + 373. Let c be (-1)/(1/z) - (-8)/(-2). Suppose 11*s = s + c. Calculate the remainder when s is divided by 6.
3
Calculate the remainder when 12/9*((-2766)/(-4) + (-7 - -1)) is divided by 43.
11
Let c = 21251 + -20954. Calculate the remainder when 1054 is divided by c.
163
Let o(f) = -f**3 - 41*f - 140. Suppose 6*w = 62 + 40. What is the remainder when o(-6) is divided by w?
16
Let n be ((-24)/(-8))/(1*9/12). Suppose 3 = -n*h + 35. Suppose 8*c - 48 = h. Calculate the remainder when 54 is divided by c.
5
Let g(b) = -2*b**3 - 14*b**2 - 8*b - 11. Suppose 67*o - 74*o + 161 = 0. Calculate the remainder when g(-7) is divided by o.
22
Let a(i) = i**2 + 2*i - 5. Let k be a(-4). Suppose 3*m - 4*q + 2*q = 37, 5*m - 63 = k*q. What is the remainder when 7 - (-9 - 52) - 2*-3 is divided by m?
14
Let j(v) = 216*v - 12180. Suppose -2*p = -3*p, -48 = -k - p. Let b = k - 21. What is the remainder when j(57) is divided by b?
24
Let q be (-4)/8 - (-307)/(-2). Let c be q/(-42) - 2/(-6). Suppose -3 = -c*u + 49. What is the remainder when 75 is divided by u?
10
Let x = 12280 - 12269. Let f(r) = -37*r**3 + 2*r**2 + 2*r + 1. Let i(v) = -v**2 - 6*v - 6. Let a be i(-5). Calculate the remainder when f(a) is divided by x.
5
Let v = -67 + 141. Let q = 104 - v. Suppose -39 = 18*b - 237. What is the remainder when q is divided by b?
8
Let i(f) = 2*f**3 - f**2 - f - 2. Let q be i(-1). Let l be (q*(-3)/((-12)/(-4)))/1. Let k = l - 3. What is the remainder when k is divided by 1?
0
Let b(i) = -11*i + 4*i - 10 + 29*i**2 + 14 - 8*i**2. Calculate the remainder when 366 is divided by b(2).
70
Suppose -4*v + 41 + 143 = 0. Suppose 3*l + 0*n = 5*n + 69, -2*l + 5*n + v = 0. Calculate the remainder when 43 is divided by l.
20
Let b(v) = 10*v**2 + 2*v - 3. Let i be b(3). Let t = i + -56. What is the remainder when 180/(-10)*(-5 - 1) is divided by t?
34
Suppose -122 = -3*d + 130. Let b(k) = k**3 - 2*k**2 + 2*k + 2. What is the remainder when (-6)/14 + 10536/d is divided by b(4)?
41
Suppose 4*f + 5*z - 59 = 0, f + 32 = 3*f + 2*z. Let v = f - 11. Calculate the remainder when 139 is divided by v.
9
Suppose -2*k - 250 = -n, -8*n = -6*n - k - 509. Calculate the remainder when n is divided by 6.
4
Sup